 a prime number?
False
Is 327906113 a composite number?
True
Is 546639581 composite?
True
Is 911835173 a composite number?
False
Is 10354611919 prime?
False
Is 2217808973 composite?
True
Is 16774489 prime?
False
Is 3069193331 composite?
True
Is 4039221581 prime?
True
Is 28157868373 a prime number?
False
Is 1015319773 a prime number?
False
Is 1926036269 composite?
False
Is 14797327079 composite?
False
Is 39343452845 a prime number?
False
Is 282958037 a prime number?
False
Is 1577287 a composite number?
True
Is 34375056445 a composite number?
True
Is 1147284637 prime?
False
Is 5506519831 composite?
True
Is 1313788289 prime?
False
Is 42717920549 prime?
True
Is 18468661007 a composite number?
False
Is 682286531 prime?
True
Is 5567197661 composite?
False
Is 181308679 composite?
False
Is 514589857 a prime number?
False
Is 220741757 a composite number?
True
Is 306590797 a prime number?
True
Is 536233651761 prime?
False
Is 6046459997 prime?
True
Is 10184305 a prime number?
False
Is 73156990693 composite?
False
Is 21344444249 composite?
True
Is 133775029 a prime number?
False
Is 2556238937 a composite number?
True
Is 6352866259 a prime number?
False
Is 1282367029 composite?
True
Is 5148096221 composite?
False
Is 7551828743 prime?
False
Is 49727063 composite?
False
Is 1400291237 a composite number?
True
Is 2282613691 a prime number?
True
Is 12416579489 prime?
True
Is 8277470501 composite?
True
Is 71789570551 a composite number?
False
Is 2535579551 a prime number?
True
Is 1197469951 composite?
False
Is 23965706381 a composite number?
False
Is 841576439 composite?
True
Is 14331671 a composite number?
False
Is 35880118 a prime number?
False
Is 1222829087 prime?
True
Is 13006779557 a composite number?
False
Is 4125132859 a prime number?
False
Is 173185087 a composite number?
False
Is 112928222113 prime?
False
Is 370532887 prime?
True
Is 684983449 a prime number?
True
Is 569320573 a prime number?
False
Is 9615574835 a composite number?
True
Is 965019137 composite?
True
Is 257955869 a prime number?
True
Is 90262470401 prime?
True
Is 9443472905 a prime number?
False
Is 9606767491 a prime number?
True
Is 163517376601 a prime number?
True
Is 30974788387 a prime number?
True
Is 19952892229 a prime number?
False
Is 20123148709 a prime number?
True
Is 70375999 composite?
False
Is 11532027239 a prime number?
True
Is 255928283 composite?
True
Is 7063032607 a prime number?
True
Is 1151195951 a prime number?
True
Is 2803884609 prime?
False
Is 1150554641 prime?
False
Is 15839130431 prime?
False
Is 32723777267 a composite number?
False
Is 13186135533 a prime number?
False
Is 68181708169 a prime number?
True
Is 299535673 composite?
True
Is 75007569349 a composite number?
False
Is 4618368127 composite?
True
Is 1958539897 a prime number?
False
Is 5818868213 a composite number?
True
Is 71936999 a composite number?
False
Is 1896347627 composite?
False
Is 79690719 composite?
True
Is 4546761253 a prime number?
True
Is 30405591421 a composite number?
False
Is 24512872669 prime?
True
Is 23207747483 a composite number?
False
Is 9551320021 composite?
True
Is 539260121 a composite number?
True
Is 1726557589 a prime number?
False
Is 1833061409 a composite number?
False
Is 234310129 composite?
True
Is 6927332939 a composite number?
False
Is 56325431831 composite?
False
Is 15715276267 prime?
True
Is 2035907023 a composite number?
True
Is 2012021887 a prime number?
True
Is 296432705 prime?
False
Is 68040000947 a composite number?
False
Is 12945247741 prime?
False
Is 1287822103 a composite number?
True
Is 696204919 composite?
False
Is 27144039107 composite?
True
Is 15907508033 a composite number?
True
Is 57664509143 a prime number?
True
Is 1783884413 composite?
True
Is 1966102193 prime?
False
Is 87736043 a prime number?
False
Is 34375137241 prime?
True
Is 10527066061 prime?
False
Is 4802246747 a composite number?
True
Is 171258859 composite?
False
Is 18720757313 prime?
False
Is 1263931523 prime?
False
Is 1711826227 a composite number?
False
Is 279655689719 a prime number?
False
Is 668481673 a composite number?
True
Is 351994567 a composite number?
False
Is 1227972349 a prime number?
False
Is 143895943 a prime number?
True
Is 450858671 a prime number?
False
Is 173095111979 prime?
False
Is 51660603619 composite?
True
Is 12339435767 a composite number?
False
Is 411621341 prime?
True
Is 307378547821 prime?
True
Is 948245321 prime?
False
Is 23595565819 prime?
False
Is 12117729689 a prime number?
False
Is 1926108055 a composite number?
True
Is 22040923739 prime?
False
Is 69572497717 composite?
True
Is 746720979 a composite number?
True
Is 1593981323 prime?
False
Is 21314545387 prime?
False
Is 1061142961 a prime number?
False
Is 1757211917 a prime number?
True
Is 65702974717 a composite number?
False
Is 535272107 prime?
False
Is 7912897117 composite?
False
Is 72412793 composite?
False
Is 7905398561 prime?
True
Is 1329914463 a composite number?
True
Is 375876269 prime?
True
Is 55761661 prime?
True
Is 83366545 a composite number?
True
Is 13982581891 composite?
False
Is 24114213889 composite?
False
Is 636877117 composite?
False
Is 19979885797 composite?
False
Is 3886317313 a composite number?
False
Is 111319465703 a composite number?
False
Is 9209260243 a composite number?
False
Is 20463096283 a composite number?
True
Is 794740517 a composite number?
True
Is 12396681071 composite?
True
Is 897680813 prime?
True
Is 9522112529 a prime number?
True
Is 8959654337 a composite number?
False
Is 954177811 composite?
True
Is 27962584553 composite?
True
Is 6096709769 prime?
True
Is 21274823407 a composite number?
True
Is 4358637809 a composite number?
False
Is 211258349 prime?
True
Is 21401363 composite?
False
Is 3152038733 composite?
False
Is 168866671 a composite number?
False
Is 236740079599 a composite number?
False
Is 4623333989 a prime number?
False
Is 50633717 a prime number?
True
Is 458403007 a prime number?
True
Is 90491923 prime?
True
Is 80427761677 prime?
True
Is 626305021 a composite number?
True
Is 57339647 a composite number?
False
Is 23243171867 composite?
False
Is 4784686891 a composite number?
True
Is 321570947 a prime number?
False
Is 306263473 a composite number?
False
Is 341416793 a composite number?
False
Is 6566897 a prime number?
False
Is 587809127 a composite number?
False
Is 8169211159 prime?
False
Is 9674969593 composite?
False
Is 16116904429 composite?
False
Is 1046897387 a prime number?
True
Is 375548759 prime?
True
Is 343933841371 a prime number?
False
Is 7026895259 a composite number?
False
Is 48395807 a prime number?
False
Is 66257930027 a composite number?
False
Is 608836883 a prime number?
True
Is 1432806289 composite?
False
Is 123299597807 a prime number?
True
Is 50774517167 a prime number?
False
Is 29846861933 prime?
False
Is 435741587 composite?
False
Is 1424890163 a composite number?
False
Is 97346096933 a prime number?
True
Is 4816712819 a composite number?
True
Is 15771184445 composite?
True
Is 27844487537 composite?
False
Is 10442954887 a prime number?
True
Is 10871509267 prime?
True
Is 3594006551 a composite number?
False
Is 820616227 a prime number?
True
Is 9926325389 a composite number?
False
Is 55016270423 composite?
True
Is 2911519537 a composite number?
True
Is 15749899961 composite?
True
Is 124220973203 prime?
True
Is 5851074349 prime?
False
Is 146951923 prime?
False
Is 2220132727 prime?
True
Is 12112368679 prime?
True
Is 7478895233 a prime number?
False
Is 22300233203 prime?
True
Is 214189127 a prime number?
False
Is 47498588597 prime?
True
Is 14733559151 prime?
True
Is 2388952127 a prime number?
True
Is 5893157299 a prime number?
True
Is 226296457 a prime number?
True
Is 385246037 prime?
False
Is 605740643 composite?
True
Is 76686877601 a composite number?
True
Is 147372187637 a prime number?
False
Is 325404479 composite?
False
Is 1649216131 a composite number?
True
Is 118438239 composite?
True
Is 30474349162 a composite number?
True
Is 1309979129 prime?
True
Is 36629628661 composite?
True
Is 291093265 composite?
True
Is 213420659 prime?
True
Is 18721870301 a prime number?
False
Is 80350951 a prime number?
True
Is 185643643 a prime number?
False
Is 8916054241 a composite number?
True
Is 1173040763 a prime number?
True
Is 4216860377 prime?
True
Is 81594674